540 and 1012.
44
What is the greatest common factor of 136864 and 936?
104
Calculate the greatest common divisor of 2150 and 2361775.
1075
Calculate the highest common factor of 22 and 160787.
11
Calculate the highest common factor of 4389 and 924.
231
Calculate the highest common factor of 87630 and 6095.
115
Calculate the highest common divisor of 146076 and 2220.
444
What is the highest common divisor of 1309600 and 96?
32
What is the highest common factor of 3 and 19959?
3
Calculate the highest common divisor of 84 and 2113041.
21
Calculate the highest common divisor of 1582 and 54918.
226
What is the highest common divisor of 5 and 53370?
5
What is the highest common factor of 285 and 28633?
19
What is the greatest common factor of 224 and 69076?
28
Calculate the highest common factor of 3 and 735.
3
Calculate the greatest common divisor of 8514492 and 21.
21
Calculate the greatest common factor of 30965 and 165.
55
What is the greatest common factor of 242 and 219494?
242
Calculate the highest common factor of 120669 and 87.
87
What is the highest common divisor of 66148 and 1978?
46
What is the highest common factor of 171464 and 32?
8
Calculate the highest common factor of 16562 and 7436.
338
Calculate the highest common divisor of 1359 and 5611311.
1359
What is the greatest common factor of 280 and 16520?
280
What is the highest common factor of 121109 and 2972?
743
What is the greatest common factor of 418 and 1881?
209
What is the highest common divisor of 109086 and 6?
6
What is the highest common factor of 18 and 24006?
6
Calculate the greatest common divisor of 3540 and 66990.
30
Calculate the highest common divisor of 12 and 3058320.
12
What is the greatest common divisor of 798 and 2928660?
798
What is the highest common factor of 66432 and 13056?
384
What is the greatest common factor of 416314 and 246?
82
Calculate the highest common factor of 460 and 7268.
92
What is the highest common factor of 1047 and 83411?
349
Calculate the highest common factor of 21416 and 288.
8
What is the highest common factor of 1860 and 255860?
20
What is the highest common divisor of 516 and 8557?
43
What is the greatest common divisor of 124985 and 14?
7
What is the greatest common factor of 62622 and 714?
42
What is the highest common factor of 3706 and 14715?
109
What is the greatest common divisor of 60 and 686940?
60
What is the greatest common factor of 618470 and 46?
46
What is the greatest common factor of 1794 and 76452?
138
What is the greatest common divisor of 204905 and 3745?
535
Calculate the highest common divisor of 2560 and 21664.
32
Calculate the greatest common divisor of 90 and 785529.
9
What is the highest common divisor of 676 and 1364506?
338
What is the greatest common factor of 53284 and 56?
28
What is the greatest common divisor of 29748 and 1036?
148
What is the greatest common factor of 27372 and 576?
12
Calculate the highest common divisor of 28 and 312354.
14
Calculate the greatest common divisor of 17667 and 819.
117
What is the highest common divisor of 10465 and 3289?
299
Calculate the highest common divisor of 180 and 99090.
90
Calculate the highest common divisor of 256 and 10624.
128
What is the greatest common divisor of 244688 and 1558?
82
Calculate the greatest common factor of 1694064 and 261.
87
Calculate the highest common factor of 323 and 1887.
17
What is the highest common divisor of 1413 and 154488?
471
What is the highest common factor of 376730 and 11110?
1010
Calculate the greatest common divisor of 13623 and 6214.
239
What is the greatest common divisor of 158151 and 357?
357
Calculate the greatest common factor of 15279 and 55.
11
Calculate the highest common divisor of 66 and 2567818.
22
What is the greatest common factor of 592 and 4958?
74
Calculate the highest common factor of 98 and 177527.
49
Calculate the highest common divisor of 8041 and 86.
43
Calculate the highest common factor of 68 and 128452.
68
Calculate the highest common factor of 994 and 13930.
14
Calculate the highest common factor of 4298 and 434.
14
Calculate the highest common divisor of 539 and 1687.
7
What is the highest common divisor of 2575 and 3175?
25
What is the greatest common divisor of 23267 and 10547?
53
Calculate the highest common factor of 156 and 1229748.
156
What is the greatest common divisor of 1204 and 78232?
28
Calculate the greatest common factor of 3420 and 505020.
1140
What is the highest common factor of 8576 and 115642?
134
Calculate the greatest common divisor of 1095334 and 514.
514
Calculate the highest common factor of 72 and 684984.
24
What is the highest common divisor of 16 and 2075968?
16
What is the greatest common factor of 112980 and 7910?
70
Calculate the greatest common divisor of 780 and 20580.
60
Calculate the greatest common factor of 980 and 33460.
140
Calculate the greatest common factor of 8 and 2129.
1
Calculate the highest common factor of 4465 and 23750.
95
Calculate the highest common factor of 182 and 2599870.
182
Calculate the greatest common divisor of 2839 and 34.
17
Calculate the highest common factor of 399 and 7581.
399
What is the greatest common factor of 1269 and 62228?
47
What is the greatest common divisor of 1743 and 16932?
249
Calculate the highest common divisor of 12649 and 44063.
139
What is the highest common factor of 8560 and 352?
16
Calculate the highest common divisor of 288 and 1267104.
96
What is the highest common divisor of 5460 and 1008?
84
Calculate the greatest common factor of 8 and 72.
8
Calculate the highest common factor of 71791 and 103.
103
Calculate the highest common divisor of 15436 and 136.
68
What is the highest common factor of 43134 and 994?
14
Calculate the highest common divisor of 357876 and 144.
36
Calculate the greatest common factor of 69966 and 1035.
207
Calculate the greatest common factor of 26214 and 1080942.
1542
What is the highest common divisor of 1342275 and 1650?
825
What is the greatest common factor of 467688 and 1170?
78
What is the highest common divisor of 1882032 and 192?
48
What is the greatest common divisor of 6022476 and 108?
36
What is the greatest common factor of 4825 and 145?
5
Calculate the greatest common factor of 75046 and 1434.
478
What is the greatest common factor of 134563 and 8437?
143
Calculate the highest common divisor of 1156530 and 90.
30
What is the greatest common factor of 128 and 315904?
128
Calculate the highest common divisor of 384 and 2501504.
128
Calculate the highest common divisor of 51294 and 10458.
498
Calculate the greatest common factor of 175 and 11600.
25
What is the greatest common factor of 64653 and 759?
69
What is the greatest common divisor of 90 and 636705?
45
Calculate the highest common divisor of 43980 and 9340.
20
Calculate the greatest common divisor of 52468 and 1937.
13
What is the highest common factor of 25758 and 265?
53
What is the highest common divisor of 366 and 549?
183
Calculate the greatest common factor of 234277 and 34.
17
What is the greatest common divisor of 174468 and 224?
28
Calculate the greatest common factor of 164 and 1392.
4
What is the greatest common factor of 638 and 146218?
58
Calculate the highest common factor of 10985 and 310115.
845
Calculate the greatest common divisor of 51 and 34493.
17
What is the greatest common factor of 19 and 50179?
19
Calculate the greatest common factor of 1026 and 321822.
342
What is the highest common factor of 105 and 31665?
15
Calculate the highest common divisor of 636 and 43725.
159
Calculate the highest common factor of 10 and 637405.
5
What is the highest common factor of 460456 and 16?
8
What is the highest common factor of 69184 and 2484?
92
What is the greatest common divisor of 3612 and 1301524?
1204
What is the highest common factor of 1330 and 3332?
14
What is the greatest common divisor of 155928 and 657?
219
What is the greatest common factor of 99 and 291357?
99
What is the greatest common factor of 490034 and 178?
178
What is the highest common divisor of 213111 and 171?
9
What is the highest common divisor of 88 and 29788?
44
Calculate the highest common factor of 3004 and 5356.
4
Calculate the greatest common factor of 3725513 and 11.
11
Calculate the highest common divisor of 165 